Last updated on 2025-02-07 06:50:18 CET.
Flavor | Version | Tinstall | Tcheck | Ttotal | Status | Flags |
---|---|---|---|---|---|---|
r-devel-linux-x86_64-debian-clang | 0.8.4 | 2.42 | 28.14 | 30.56 | NOTE | |
r-devel-linux-x86_64-debian-gcc | 0.8.4 | 1.86 | 20.67 | 22.53 | NOTE | |
r-devel-linux-x86_64-fedora-clang | 0.8.4 | 50.14 | NOTE | |||
r-devel-linux-x86_64-fedora-gcc | 0.8.4 | 47.16 | NOTE | |||
r-devel-windows-x86_64 | 0.8.4 | 3.00 | 53.00 | 56.00 | NOTE | |
r-patched-linux-x86_64 | 0.8.4 | 3.05 | 26.48 | 29.53 | NOTE | |
r-release-linux-x86_64 | 0.8.4 | 2.53 | 26.50 | 29.03 | NOTE | |
r-release-macos-arm64 | 0.8.4 | 19.00 | NOTE | |||
r-release-macos-x86_64 | 0.8.4 | 32.00 | NOTE | |||
r-release-windows-x86_64 | 0.8.4 | 4.00 | 61.00 | 65.00 | NOTE | |
r-oldrel-macos-arm64 | 0.8.4 | 20.00 | OK | |||
r-oldrel-macos-x86_64 | 0.8.4 | 28.00 | OK | |||
r-oldrel-windows-x86_64 | 0.8.4 | 4.00 | 56.00 | 60.00 | OK |
Version: 0.8.4
Check: Rd files
Result: NOTE
checkRd: (-1) getTurnType.Rd:38: Lost braces; missing escapes or markup?
38 | Return one of {Vocalisation, GrpVocalisation, ...} or identifier.
| ^
Flavors: r-devel-linux-x86_64-debian-clang, r-devel-linux-x86_64-debian-gcc, r-devel-linux-x86_64-fedora-clang, r-devel-linux-x86_64-fedora-gcc, r-devel-windows-x86_64, r-patched-linux-x86_64, r-release-linux-x86_64, r-release-macos-arm64, r-release-macos-x86_64, r-release-windows-x86_64