Last updated on 2025-02-20 06:51:42 CET.
Flavor | Version | Tinstall | Tcheck | Ttotal | Status | Flags |
---|---|---|---|---|---|---|
r-devel-linux-x86_64-debian-clang | 0.0.8 | 50.31 | 64.14 | 114.45 | NOTE | |
r-devel-linux-x86_64-debian-gcc | 0.0.8 | 28.13 | 47.34 | 75.47 | NOTE | |
r-devel-linux-x86_64-fedora-clang | 0.0.8 | 189.50 | NOTE | |||
r-devel-linux-x86_64-fedora-gcc | 0.0.8 | 189.04 | NOTE | |||
r-devel-macos-arm64 | 0.0.8 | 66.00 | NOTE | |||
r-devel-macos-x86_64 | 0.0.8 | 158.00 | NOTE | |||
r-devel-windows-x86_64 | 0.0.8 | 81.00 | 112.00 | 193.00 | NOTE | |
r-patched-linux-x86_64 | 0.0.8 | 42.65 | 58.36 | 101.01 | NOTE | |
r-release-linux-x86_64 | 0.0.8 | 40.45 | 58.09 | 98.54 | NOTE | |
r-release-macos-arm64 | 0.0.8 | 68.00 | NOTE | |||
r-release-macos-x86_64 | 0.0.8 | 111.00 | NOTE | |||
r-release-windows-x86_64 | 0.0.8 | 85.00 | 112.00 | 197.00 | NOTE | |
r-oldrel-macos-arm64 | 0.0.8 | 70.00 | NOTE | |||
r-oldrel-macos-x86_64 | 0.0.8 | 116.00 | NOTE | |||
r-oldrel-windows-x86_64 | 0.0.8 | 101.00 | 121.00 | 222.00 | NOTE |
Version: 0.0.8
Check: C++ specification
Result: NOTE
Specified C++11: please drop specification unless essential
Flavors: r-devel-linux-x86_64-debian-clang, r-devel-linux-x86_64-debian-gcc, r-devel-linux-x86_64-fedora-clang, r-devel-linux-x86_64-fedora-gcc, r-devel-macos-arm64, r-devel-macos-x86_64, r-devel-windows-x86_64, r-patched-linux-x86_64, r-release-linux-x86_64, r-release-macos-arm64, r-release-macos-x86_64, r-release-windows-x86_64, r-oldrel-macos-arm64, r-oldrel-macos-x86_64, r-oldrel-windows-x86_64
Version: 0.0.8
Check: installed package size
Result: NOTE
installed size is 6.8Mb
sub-directories of 1Mb or more:
R 1.0Mb
libs 1.1Mb
minizinc 3.3Mb
Flavors: r-release-macos-arm64, r-release-macos-x86_64, r-release-windows-x86_64, r-oldrel-macos-arm64, r-oldrel-macos-x86_64, r-oldrel-windows-x86_64