Last updated on 2025-02-20 06:51:40 CET.
Flavor | Version | Tinstall | Tcheck | Ttotal | Status | Flags |
---|---|---|---|---|---|---|
r-devel-linux-x86_64-debian-clang | 0.0-10 | 3.72 | 23.55 | 27.27 | NOTE | |
r-devel-linux-x86_64-debian-gcc | 0.0-10 | 2.82 | 19.09 | 21.91 | NOTE | |
r-devel-linux-x86_64-fedora-clang | 0.0-10 | 41.94 | OK | |||
r-devel-linux-x86_64-fedora-gcc | 0.0-10 | 40.70 | OK | |||
r-devel-macos-arm64 | 0.0-10 | 19.00 | OK | |||
r-devel-macos-x86_64 | 0.0-10 | 31.00 | OK | |||
r-devel-windows-x86_64 | 0.0-10 | 8.00 | 53.00 | 61.00 | OK | |
r-patched-linux-x86_64 | 0.0-10 | 3.38 | 21.38 | 24.76 | OK | |
r-release-linux-x86_64 | 0.0-10 | 3.48 | 21.32 | 24.80 | OK | |
r-release-macos-arm64 | 0.0-10 | 25.00 | OK | |||
r-release-macos-x86_64 | 0.0-10 | 27.00 | OK | |||
r-release-windows-x86_64 | 0.0-10 | 10.00 | 53.00 | 63.00 | OK | |
r-oldrel-macos-arm64 | 0.0-10 | 25.00 | OK | |||
r-oldrel-macos-x86_64 | 0.0-10 | 32.00 | OK | |||
r-oldrel-windows-x86_64 | 0.0-10 | 8.00 | 69.00 | 77.00 | OK |
Version: 0.0-10
Check: for unstated dependencies in ‘demo’
Result: NOTE
'::' or ':::' imports not declared from:
‘simsalapar’ ‘stabledist’
Flavors: r-devel-linux-x86_64-debian-clang, r-devel-linux-x86_64-debian-gcc