Last updated on 2025-02-11 05:49:19 CET.
Flavor | Version | Tinstall | Tcheck | Ttotal | Status | Flags |
---|---|---|---|---|---|---|
r-devel-linux-x86_64-debian-clang | 2.0-9 | 15.09 | 94.10 | 109.19 | NOTE | |
r-devel-linux-x86_64-debian-gcc | 2.0-9 | 9.98 | 68.89 | 78.87 | NOTE | |
r-devel-linux-x86_64-fedora-clang | 2.0-9 | 181.22 | OK | |||
r-devel-linux-x86_64-fedora-gcc | 2.0-9 | 160.55 | OK | |||
r-devel-windows-x86_64 | 2.0-9 | 17.00 | 103.00 | 120.00 | NOTE | |
r-patched-linux-x86_64 | 2.0-9 | 17.13 | 87.57 | 104.70 | OK | |
r-release-linux-x86_64 | 2.0-9 | 12.42 | 87.57 | 99.99 | OK | |
r-release-macos-arm64 | 2.0-9 | 44.00 | OK | |||
r-release-macos-x86_64 | 2.0-9 | 78.00 | OK | |||
r-release-windows-x86_64 | 2.0-9 | 18.00 | 101.00 | 119.00 | OK | |
r-oldrel-macos-arm64 | 2.0-9 | 52.00 | OK | |||
r-oldrel-macos-x86_64 | 2.0-9 | 83.00 | OK | |||
r-oldrel-windows-x86_64 | 2.0-9 | 19.00 | 125.00 | 144.00 | OK |
Version: 2.0-9
Check: Rd cross-references
Result: NOTE
Found the following Rd file(s) with Rd \link{} targets missing package
anchors:
qde.Rd: rq
qrjoint.Rd: rq
summary.qde.Rd: geweke.diag
summary.qrjoint.Rd: geweke.diag
Please provide package anchors for all Rd \link{} targets not in the
package itself and the base packages.
Flavors: r-devel-linux-x86_64-debian-clang, r-devel-linux-x86_64-debian-gcc, r-devel-windows-x86_64