Last updated on 2025-02-07 06:50:11 CET.
Flavor | Version | Tinstall | Tcheck | Ttotal | Status | Flags |
---|---|---|---|---|---|---|
r-devel-linux-x86_64-debian-clang | 2.2-3 | 3.08 | 24.02 | 27.10 | NOTE | |
r-devel-linux-x86_64-debian-gcc | 2.2-3 | 2.45 | 18.88 | 21.33 | NOTE | |
r-devel-linux-x86_64-fedora-clang | 2.2-3 | 44.99 | NOTE | |||
r-devel-linux-x86_64-fedora-gcc | 2.2-3 | 41.70 | NOTE | |||
r-devel-windows-x86_64 | 2.2-3 | 5.00 | 50.00 | 55.00 | OK | |
r-patched-linux-x86_64 | 2.2-3 | 3.64 | 23.61 | 27.25 | NOTE | |
r-release-linux-x86_64 | 2.2-3 | 2.85 | 23.05 | 25.90 | NOTE | |
r-release-macos-arm64 | 2.2-3 | 21.00 | OK | |||
r-release-macos-x86_64 | 2.2-3 | 25.00 | OK | |||
r-release-windows-x86_64 | 2.2-3 | 4.00 | 49.00 | 53.00 | OK | |
r-oldrel-macos-arm64 | 2.2-3 | 18.00 | OK | |||
r-oldrel-macos-x86_64 | 2.2-3 | 23.00 | OK | |||
r-oldrel-windows-x86_64 | 2.2-3 | 7.00 | 52.00 | 59.00 | OK |
Version: 2.2-3
Check: for non-standard things in the check directory
Result: NOTE
Found the following files/directories:
‘hista.png’ ‘plotcd.png’ ‘test.R’ ‘test.html’ ‘testR2html.R’
‘testglm.csv’ ‘testglm.html’ ‘testglm.tab’
Flavors: r-devel-linux-x86_64-debian-clang, r-devel-linux-x86_64-debian-gcc, r-devel-linux-x86_64-fedora-clang, r-devel-linux-x86_64-fedora-gcc, r-patched-linux-x86_64, r-release-linux-x86_64