Last updated on 2025-02-11 05:49:12 CET.
Flavor | Version | Tinstall | Tcheck | Ttotal | Status | Flags |
---|---|---|---|---|---|---|
r-devel-linux-x86_64-debian-clang | 0.9-9 | 8.89 | 64.25 | 73.14 | NOTE | |
r-devel-linux-x86_64-debian-gcc | 0.9-9 | 5.62 | 48.70 | 54.32 | NOTE | |
r-devel-linux-x86_64-fedora-clang | 0.9-9 | 116.60 | NOTE | |||
r-devel-linux-x86_64-fedora-gcc | 0.9-9 | 109.52 | NOTE | |||
r-devel-windows-x86_64 | 0.9-9 | 8.00 | 77.00 | 85.00 | NOTE | |
r-patched-linux-x86_64 | 0.9-9 | 8.36 | 61.91 | 70.27 | NOTE | |
r-release-linux-x86_64 | 0.9-9 | 8.08 | 60.60 | 68.68 | NOTE | |
r-release-macos-arm64 | 0.9-9 | 37.00 | NOTE | |||
r-release-macos-x86_64 | 0.9-9 | 49.00 | NOTE | |||
r-release-windows-x86_64 | 0.9-9 | 10.00 | 77.00 | 87.00 | NOTE | |
r-oldrel-macos-arm64 | 0.9-9 | 37.00 | NOTE | |||
r-oldrel-macos-x86_64 | 0.9-9 | 59.00 | NOTE | |||
r-oldrel-windows-x86_64 | 0.9-9 | 11.00 | 92.00 | 103.00 | NOTE |
Version: 0.9-9
Check: Rd files
Result: NOTE
checkRd: (-1) school23.Rd:30: Escaped LaTeX specials: \&
checkRd: (-1) school23.Rd:35: Escaped LaTeX specials: \&
Flavors: r-devel-linux-x86_64-debian-clang, r-devel-linux-x86_64-debian-gcc, r-devel-linux-x86_64-fedora-clang, r-devel-linux-x86_64-fedora-gcc, r-devel-windows-x86_64, r-patched-linux-x86_64, r-release-linux-x86_64, r-release-macos-arm64, r-release-macos-x86_64, r-release-windows-x86_64, r-oldrel-macos-arm64, r-oldrel-macos-x86_64, r-oldrel-windows-x86_64