Last updated on 2025-02-07 06:50:01 CET.
Flavor | Version | Tinstall | Tcheck | Ttotal | Status | Flags |
---|---|---|---|---|---|---|
r-devel-linux-x86_64-debian-clang | 1.0-3.1 | 12.15 | 70.83 | 82.98 | NOTE | |
r-devel-linux-x86_64-debian-gcc | 1.0-3.1 | 7.92 | 54.65 | 62.57 | NOTE | |
r-devel-linux-x86_64-fedora-clang | 1.0-3.1 | 129.50 | NOTE | |||
r-devel-linux-x86_64-fedora-gcc | 1.0-3.1 | 136.66 | NOTE | |||
r-devel-windows-x86_64 | 1.0-3.1 | 17.00 | 93.00 | 110.00 | NOTE | |
r-patched-linux-x86_64 | 1.0-3.1 | 10.58 | 68.03 | 78.61 | NOTE | |
r-release-linux-x86_64 | 1.0-3.1 | 8.81 | 65.69 | 74.50 | NOTE | |
r-release-macos-arm64 | 1.0-3.1 | 45.00 | NOTE | |||
r-release-macos-x86_64 | 1.0-3.1 | 88.00 | NOTE | |||
r-release-windows-x86_64 | 1.0-3.1 | 16.00 | 97.00 | 113.00 | NOTE | |
r-oldrel-macos-arm64 | 1.0-3.1 | 50.00 | OK | |||
r-oldrel-macos-x86_64 | 1.0-3.1 | 72.00 | NOTE | |||
r-oldrel-windows-x86_64 | 1.0-3.1 | 18.00 | 101.00 | 119.00 | OK |
Version: 1.0-3.1
Check: Rd files
Result: NOTE
checkRd: (-1) glmmSimData.Rd:4: Lost braces; missing escapes or markup?
4 | \description{Section 4.1.2 of the refence below descries a simulation study with data generated from a probit mixed model with six fixed effects parameters and a bivariate random effects vector having a 2 by 2 symmetric positive definite covariance matrix. The function simulates a data set from this model with 2500 groups and the number of observation in each group being a random draw from {20,21,...,30}.}
| ^
Flavors: r-devel-linux-x86_64-debian-clang, r-devel-linux-x86_64-debian-gcc, r-devel-linux-x86_64-fedora-clang, r-devel-linux-x86_64-fedora-gcc, r-devel-windows-x86_64, r-patched-linux-x86_64, r-release-linux-x86_64, r-release-macos-arm64, r-release-macos-x86_64, r-release-windows-x86_64
Version: 1.0-3.1
Check: package dependencies
Result: NOTE
Package suggested but not available for checking: ‘mlmRev’
Flavor: r-oldrel-macos-x86_64