Last updated on 2025-02-14 06:50:11 CET.
Flavor | Version | Tinstall | Tcheck | Ttotal | Status | Flags |
---|---|---|---|---|---|---|
r-devel-linux-x86_64-debian-clang | 0.8.11 | 6.12 | 73.74 | 79.86 | NOTE | |
r-devel-linux-x86_64-debian-gcc | 0.8.11 | 3.68 | 50.46 | 54.14 | NOTE | |
r-devel-linux-x86_64-fedora-clang | 0.8.11 | 135.74 | NOTE | |||
r-devel-linux-x86_64-fedora-gcc | 0.8.11 | 134.45 | NOTE | |||
r-devel-windows-x86_64 | 0.8.11 | 7.00 | 99.00 | 106.00 | NOTE | |
r-patched-linux-x86_64 | 0.8.11 | 6.46 | 69.69 | 76.15 | NOTE | |
r-release-linux-x86_64 | 0.8.11 | 5.49 | 69.40 | 74.89 | NOTE | |
r-release-macos-arm64 | 0.8.11 | 42.00 | NOTE | |||
r-release-macos-x86_64 | 0.8.11 | 68.00 | NOTE | |||
r-release-windows-x86_64 | 0.8.11 | 7.00 | 101.00 | 108.00 | NOTE | |
r-oldrel-macos-arm64 | 0.8.11 | 49.00 | OK | |||
r-oldrel-macos-x86_64 | 0.8.11 | 80.00 | OK | |||
r-oldrel-windows-x86_64 | 0.8.11 | 9.00 | 103.00 | 112.00 | OK |
Version: 0.8.11
Check: Rd files
Result: NOTE
checkRd: (-1) barto.Rd:15-18: Lost braces in \itemize; meant \describe ?
checkRd: (-1) barto.Rd:19-22: Lost braces in \itemize; meant \describe ?
checkRd: (-1) barto.Rd:23-26: Lost braces in \itemize; meant \describe ?
checkRd: (-1) chrY_subseg.Rd:16-17: Lost braces in \itemize; meant \describe ?
checkRd: (-1) chrY_subseg.Rd:18-19: Lost braces in \itemize; meant \describe ?
checkRd: (-1) mauve_bbone.Rd:16-17: Lost braces in \itemize; meant \describe ?
checkRd: (-1) mauve_bbone.Rd:18-19: Lost braces in \itemize; meant \describe ?
checkRd: (-1) three_genes.Rd:17-18: Lost braces in \itemize; meant \describe ?
checkRd: (-1) three_genes.Rd:19-20: Lost braces in \itemize; meant \describe ?
Flavors: r-devel-linux-x86_64-debian-clang, r-devel-linux-x86_64-debian-gcc, r-devel-linux-x86_64-fedora-clang, r-devel-linux-x86_64-fedora-gcc, r-devel-windows-x86_64, r-patched-linux-x86_64, r-release-linux-x86_64, r-release-macos-arm64, r-release-macos-x86_64, r-release-windows-x86_64