Last updated on 2025-02-07 06:49:56 CET.
Flavor | Version | Tinstall | Tcheck | Ttotal | Status | Flags |
---|---|---|---|---|---|---|
r-devel-linux-x86_64-debian-clang | 0.7-12.1 | 22.46 | 116.69 | 139.15 | OK | |
r-devel-linux-x86_64-debian-gcc | 0.7-12.1 | 14.24 | 81.62 | 95.86 | OK | |
r-devel-linux-x86_64-fedora-clang | 0.7-12.1 | 230.77 | OK | |||
r-devel-linux-x86_64-fedora-gcc | 0.7-12.1 | 227.62 | OK | |||
r-devel-windows-x86_64 | 0.7-12.1 | 26.00 | 138.00 | 164.00 | OK | |
r-patched-linux-x86_64 | 0.7-12.1 | 20.80 | 107.86 | 128.66 | OK | |
r-release-linux-x86_64 | 0.7-12.1 | 20.04 | 108.13 | 128.17 | OK | |
r-release-macos-arm64 | 0.7-12.1 | 76.00 | WARN | |||
r-release-macos-x86_64 | 0.7-12.1 | 185.00 | OK | |||
r-release-windows-x86_64 | 0.7-12.1 | 26.00 | 142.00 | 168.00 | OK | |
r-oldrel-macos-arm64 | 0.7-12.1 | 75.00 | WARN | |||
r-oldrel-macos-x86_64 | 0.7-12.1 | 160.00 | OK | |||
r-oldrel-windows-x86_64 | 0.7-12.1 | 32.00 | 155.00 | 187.00 | OK |
Version: 0.7-12.1
Check: re-building of vignette outputs
Result: WARN
Error(s) in re-building vignettes:
--- re-building ‘cplm.Rnw’ using Sweave
Loading required package: coda
Loading required package: Matrix
Loading required package: splines
Error: processing vignette 'cplm.Rnw' failed with diagnostics:
Running 'texi2dvi' on 'cplm.tex' failed.
LaTeX errors:
!pdfTeX error: pdflatex (file bbm10): Font bbm10 at 600 not found
==> Fatal error occurred, no output PDF file produced!
--- failed re-building ‘cplm.Rnw’
SUMMARY: processing the following file failed:
‘cplm.Rnw’
Error: Vignette re-building failed.
Execution halted
Flavor: r-release-macos-arm64
Version: 0.7-12.1
Check: re-building of vignette outputs
Result: WARN
Error(s) in re-building vignettes:
...
--- re-building ‘cplm.Rnw’ using Sweave
Loading required package: coda
Loading required package: Matrix
Loading required package: splines
Error: processing vignette 'cplm.Rnw' failed with diagnostics:
Running 'texi2dvi' on 'cplm.tex' failed.
LaTeX errors:
!pdfTeX error: pdflatex (file bbm10): Font bbm10 at 600 not found
==> Fatal error occurred, no output PDF file produced!
--- failed re-building ‘cplm.Rnw’
SUMMARY: processing the following file failed:
‘cplm.Rnw’
Error: Vignette re-building failed.
Execution halted
Flavor: r-oldrel-macos-arm64