CRAN Package Check Results for Package RWekajars

Last updated on 2025-02-07 06:50:13 CET.

Flavor Version Tinstall Tcheck Ttotal Status Flags
r-devel-linux-x86_64-debian-clang 3.9.3-2 3.39 23.19 26.58 OK
r-devel-linux-x86_64-debian-gcc 3.9.3-2 3.07 17.34 20.41 OK
r-devel-linux-x86_64-fedora-clang 3.9.3-2 44.51 OK
r-devel-linux-x86_64-fedora-gcc 3.9.3-2 41.48 OK
r-devel-windows-x86_64 3.9.3-2 5.00 34.00 39.00 OK
r-patched-linux-x86_64 3.9.3-2 3.10 21.95 25.05 OK
r-release-linux-x86_64 3.9.3-2 3.78 21.61 25.39 OK
r-release-macos-arm64 3.9.3-2 26.00 NOTE
r-release-macos-x86_64 3.9.3-2 27.00 NOTE
r-release-windows-x86_64 3.9.3-2 4.00 33.00 37.00 NOTE
r-oldrel-macos-arm64 3.9.3-2 20.00 NOTE
r-oldrel-macos-x86_64 3.9.3-2 28.00 NOTE
r-oldrel-windows-x86_64 3.9.3-2 7.00 39.00 46.00 NOTE

Check Details

Version: 3.9.3-2
Check: installed package size
Result: NOTE installed size is 10.8Mb sub-directories of 1Mb or more: java 10.7Mb Flavors: r-release-macos-arm64, r-release-macos-x86_64, r-release-windows-x86_64, r-oldrel-macos-arm64, r-oldrel-macos-x86_64, r-oldrel-windows-x86_64