Last updated on 2025-02-20 06:51:30 CET.
Flavor | Version | Tinstall | Tcheck | Ttotal | Status | Flags |
---|---|---|---|---|---|---|
r-devel-linux-x86_64-debian-clang | 1.1.0 | 17.20 | 92.31 | 109.51 | OK | |
r-devel-linux-x86_64-debian-gcc | 1.1.0 | 12.95 | 68.64 | 81.59 | OK | |
r-devel-linux-x86_64-fedora-clang | 1.1.0 | 183.69 | OK | |||
r-devel-linux-x86_64-fedora-gcc | 1.1.0 | 191.21 | OK | |||
r-devel-macos-arm64 | 1.1.0 | 79.00 | OK | |||
r-devel-macos-x86_64 | 1.1.0 | 133.00 | OK | |||
r-devel-windows-x86_64 | 1.1.0 | 23.00 | 196.00 | 219.00 | OK | |
r-patched-linux-x86_64 | 1.1.0 | 18.05 | 87.18 | 105.23 | OK | |
r-release-linux-x86_64 | 1.1.0 | 16.16 | 87.12 | 103.28 | OK | |
r-release-macos-arm64 | 1.1.0 | 83.00 | NOTE | |||
r-release-macos-x86_64 | 1.1.0 | 118.00 | NOTE | |||
r-release-windows-x86_64 | 1.1.0 | 23.00 | 180.00 | 203.00 | OK | |
r-oldrel-macos-arm64 | 1.1.0 | 75.00 | NOTE | |||
r-oldrel-macos-x86_64 | 1.1.0 | 118.00 | NOTE | |||
r-oldrel-windows-x86_64 | 1.1.0 | 27.00 | 196.00 | 223.00 | NOTE |
Version: 1.1.0
Check: installed package size
Result: NOTE
installed size is 5.2Mb
sub-directories of 1Mb or more:
data 2.1Mb
doc 1.7Mb
libs 1.0Mb
Flavors: r-release-macos-arm64, r-release-macos-x86_64, r-oldrel-macos-arm64, r-oldrel-macos-x86_64, r-oldrel-windows-x86_64