Last updated on 2025-02-07 06:49:57 CET.
Flavor | Version | Tinstall | Tcheck | Ttotal | Status | Flags |
---|---|---|---|---|---|---|
r-devel-linux-x86_64-debian-clang | 0.1.2 | 6.20 | 56.82 | 63.02 | OK | |
r-devel-linux-x86_64-debian-gcc | 0.1.2 | 5.24 | 42.64 | 47.88 | OK | |
r-devel-linux-x86_64-fedora-clang | 0.1.2 | 104.98 | OK | |||
r-devel-linux-x86_64-fedora-gcc | 0.1.2 | 110.79 | OK | |||
r-devel-windows-x86_64 | 0.1.2 | 6.00 | 76.00 | 82.00 | OK | |
r-patched-linux-x86_64 | 0.1.2 | 5.47 | 54.51 | 59.98 | NOTE | |
r-release-linux-x86_64 | 0.1.2 | 5.28 | 54.28 | 59.56 | NOTE | |
r-release-macos-arm64 | 0.1.2 | 30.00 | NOTE | |||
r-release-macos-x86_64 | 0.1.2 | 43.00 | NOTE | |||
r-release-windows-x86_64 | 0.1.2 | 6.00 | 75.00 | 81.00 | NOTE | |
r-oldrel-macos-arm64 | 0.1.2 | 32.00 | NOTE | |||
r-oldrel-macos-x86_64 | 0.1.2 | 46.00 | NOTE | |||
r-oldrel-windows-x86_64 | 0.1.2 | 7.00 | 77.00 | 84.00 | NOTE |
Version: 0.1.2
Check: LazyData
Result: NOTE
'LazyData' is specified without a 'data' directory
Flavors: r-patched-linux-x86_64, r-release-linux-x86_64, r-release-macos-arm64, r-release-macos-x86_64, r-release-windows-x86_64, r-oldrel-macos-arm64, r-oldrel-macos-x86_64, r-oldrel-windows-x86_64